pose 2*y + l = 4*y. What is the tens digit of y?
6
Suppose 2727 = 4*a - 5*p, a - 574 = -4*p + 134. What is the tens digit of a?
8
Let y(g) = -116*g**3 + 492*g**2 + 10*g - 50. What is the ten thousands digit of y(-7)?
6
Suppose -47*g + 34*g = 273. What is the units digit of (-2)/g + 244948/399?
4
Let h(i) = 58*i**2 - 2*i + 1. Let y be h(2). Let f be (6*(-25)/7)/((-17)/(-119)). Let v = y + f. What is the units digit of v?
9
Let a = 51 + -2. Suppose w + 4*k = 35, -2*w = 4*k + 22 - 92. Let y = a - w. What is the units digit of y?
4
Let s = 7297 + 6369. What is the thousands digit of s?
3
Suppose -49*m - 56 = -53*m. Suppose -m*d = -0*d - 182. What is the units digit of d?
3
Suppose 0 = f + 1, 4*k = 2*k - 5*f + 17. Suppose k*a - 5844 = 5783. What is the units digit of a?
7
Let p be 18/3*(-14)/28. What is the hundreds digit of 9/18*3*(-346)/p?
1
Let g(q) = -41*q**3 + 4*q**2 + 143*q + 863. What is the tens digit of g(-7)?
2
Let l be ((-50)/(-4) - 2)*4/3. Suppose -11*a + l = -4*a. Suppose a*w + 204 = 4*w. What is the hundreds digit of w?
1
Let b = 34 + -32. Suppose -3*y = j + 6, -b*j + 5*y = -0*y + 1. Let m(q) = -11*q + 5. What is the tens digit of m(j)?
3
What is the hundreds digit of -2 - 360672/(-27) - (-66)/(-297)?
3
Let n = -48098 - -85133. What is the ten thousands digit of n?
3
Suppose 5*r + 2*r - 105 = 0. Let w be r/(-6) + 12/8. What is the units digit of w + (9/1 - 1)?
7
Suppose -10 = -u - 6, -3*j + 5*u + 55 = 0. Suppose -319 = -2*b + j. What is the tens digit of b?
7
Let x be (-33)/(-11) + 2 + (36 - -1). Suppose -4*j + g = -168, -3*j - g + x = -2*j. What is the hundreds digit of (-2106)/(-17) + j/357?
1
Suppose -v = -457 + 455. Suppose 2*o - 879 = -d, -v*o + 3*d = -7*o + 2195. What is the units digit of o?
2
What is the ten thousands digit of (3 + 8406)*(5 - (-10)/(-3)) - -1?
1
Suppose -424347 = -21*a + 51113 + 122851. What is the thousands digit of a?
8
Suppose 90*y + 753489 = 123*y. What is the ten thousands digit of y?
2
Suppose -5*o + 9 = -k - 5, 13 = -2*k + 5*o. Let q = 58 + -59. What is the tens digit of 7 + -4 + k/(q/(-139))?
4
Let w = 77888 + -53732. What is the ten thousands digit of w?
2
Suppose -2*t - 10 = -20. Suppose 4*f = 4*f + t*f. Suppose f = 4*c + 5*i - 140 + 18, 74 = 3*c - 5*i. What is the tens digit of c?
2
Let o(x) = -372*x + 8. Let y be o(-1). Let r = -262 + y. What is the units digit of r?
8
Let r = 87 + -75. Suppose -r*u + 13 = -11*u. Suppose -u*o + 1460 = -9. What is the hundreds digit of o?
1
What is the tens digit of (5 - (-92928)/(-10))/((-12)/(-60)*-1)?
3
Suppose -h + 8330 = -2*k, 0 = -4*h - k + 2*k + 33327. What is the tens digit of h?
3
Let g(q) = -5*q**3 + 5*q**2 + 5*q - 32. Let k be g(4). Let m = 159 - k. What is the hundreds digit of m?
4
Let w(s) = -9*s**2 + 3*s - 1. Let v be w(2). Let j = 33 + v. Suppose j*u + 2*r - 64 = -2*r, -5*u + 150 = 5*r. What is the tens digit of u?
2
Suppose -1529 = -6*s + 1015. What is the units digit of s + 2/(-2)*(1 + -1)?
4
What is the ten thousands digit of (34122 - (3 + 8/(-2))*1) + 3?
3
What is the ten thousands digit of 13800 + (-1 + 0 - 34/17)?
1
What is the hundreds digit of 16613055/1085 - (-6)/14?
3
Let u(i) = -21*i**2 + 5*i - 1. Let y be 1*(-9)/(-6)*(-8)/(-6). Let s be u(y). Let j = s + 139. What is the units digit of j?
4
Suppose -29*m = 29*m - 55*m - 51531. What is the tens digit of m?
7
Let z(v) = -v - 6. Let w be z(-9). Suppose -w*y = 4*p - 120, -135 = -4*y - p + 4*p. What is the units digit of y?
6
Let c(u) = -3*u**2 + 287*u + 21. What is the hundreds digit of c(25)?
3
Let w = 152 - 149. Let g be w/(51/(-2)) + 36/17. Suppose g*c = -171 + 785. What is the units digit of c?
7
Suppose 0*l = 5*w - 4*l - 32, -3*l = 5*w - 46. Suppose -6*d + w = -4. Suppose v + d*x = 10, -2*v + 70 = 2*v + 2*x. What is the tens digit of v?
2
Suppose 0 = -23*u - 42 + 111. Suppose 8*k - 800 = 3*k. Suppose u*c = c + k. What is the tens digit of c?
8
Suppose 0 = 3*k + 5*y - 38, -7 = -4*y + 9. Let b be (-4)/1 + -17 + 38 + -12. Suppose -b*q - 31 = -k*q. What is the tens digit of q?
3
Let y(a) = 322*a**2 - 645*a + 5861. What is the ten thousands digit of y(9)?
2
Let o = 1177 + -683. What is the hundreds digit of o/4 + 3*5/(-30)?
1
Suppose 5*n = 333 + 657. Suppose 3*x - 522 = n. Suppose 2*p + 240 + x = 2*j, 1195 = 5*j - 4*p. What is the hundreds digit of j?
2
Let s be 18/(-30) - (-6)/(-15). Let b be 217*3*s/(3/1). Let g = -154 - b. What is the units digit of g?
3
Suppose 11*b + 400 = 6*b. Let s be (576/b)/((-3)/10). What is the tens digit of (s - -1) + (8 - (10 + -4))?
2
Let t(v) = -v + 1. Let r be t(-6). Let f = r + -2. Suppose f = i - 32. What is the units digit of i?
7
Suppose w + 8 = k, -k + 4*w = -5*k. Suppose -2*m = -3*s - 823, -1656 = -9*m + 5*m + k*s. What is the hundreds digit of m?
4
Let b = 8637 - 4098. What is the tens digit of b?
3
Let d be (1 - (-3 - -6)) + 5. Suppose d*k + 304 = 7*k. Suppose -2*q - q + 5*a = -216, -3*a - k = -q. What is the tens digit of q?
6
Suppose -245*s = -257*s + 576. Suppose -2*f - 30 = 3*f. What is the units digit of (-16)/f*36/s?
2
Let p be (-8)/4 - 2 - -36. Let r = 35 - p. Suppose 0 = -3*q - 12, 0*q = s + r*q - 27. What is the units digit of s?
9
Suppose y - 5*k = -7*k + 3116, 2*k = 12. What is the thousands digit of y?
3
Suppose -395*h + 5*j - 181662 = -398*h, 9*j = 54. What is the hundreds digit of h?
5
Let w(j) = -12*j + 4. Let v be w(1). Let t(b) = -5*b + 17. What is the tens digit of t(v)?
5
Let o(y) = -5*y - 30. Let u be o(-6). Suppose -4*m + 40 = 4*x, 0 = -u*m - 4*m + 5*x - 5. Suppose 0 = -m*n - 2*n + 476. What is the units digit of n?
8
Let v be ((-111)/(-2))/((-42)/(-84)). Let t = 52 + -90. Let c = t + v. What is the units digit of c?
3
What is the units digit of (2046/(-55))/(10/(-6125))?
5
Let o(t) = t**3 - 18*t**2 - 11*t + 40. What is the hundreds digit of o(21)?
1
Let p = -1133 + 5352. What is the hundreds digit of p?
2
Suppose 0 = -58*v + 970878 - 100646. What is the units digit of v?
4
Let t(p) = 3*p**2 - 138*p - 57. What is the units digit of t(48)?
1
Suppose 32*m + 32*m - 117747 = 57*m. What is the ten thousands digit of m?
1
Suppose 0 = 2*v + 5*f + 2506, -f + 2541 = -4*v - 2471. Let w = -663 - v. What is the hundreds digit of w?
5
Suppose c + 2*u + 538 = -633, -5*c - 5849 = 4*u. Let v = -681 - c. What is the tens digit of v?
8
Let n(p) = 5*p**2 + 16*p + 33. Let x be n(-2). What is the tens digit of (60/x)/(3 - (-725)/(-245))?
7
Let q(p) = -3*p + 29 - p**2 + 364 - 78. What is the hundreds digit of q(0)?
3
Suppose 11*o - 322 = 635. Suppose 0 = i + 3*t - o, 0 = 8*i - 3*i - 2*t - 367. Suppose -3*w - i = -8*w. What is the tens digit of w?
1
What is the units digit of (-657267)/(-76) + 5 + 1/(-4)?
3
Suppose -2*l - 92 = -26. Let z = 38 + l. Suppose -47 = -z*h + 88. What is the units digit of h?
7
Suppose 4*j + 0*x - 61388 = -4*x, 2*j - 30666 = 2*x. What is the tens digit of j?
4
Let a(n) = -3851*n**3 - n**2 + 14*n + 14. What is the tens digit of a(-1)?
5
Let f be (144/15)/((-4)/(-450)). Suppose -f = 6*p - 8*p. What is the hundreds digit of p?
5
Suppose 246 = -3*d + 5*q, d + 3*q = -d - 164. Let z = -81 - d. What is the units digit of z?
1
Let c(s) = 158*s**2 - 13*s - 33. Let i be c(-4). Suppose -435 = 2*q - i. Suppose 6*z = -2*z + q. What is the hundreds digit of z?
1
Let p(k) = 503*k**2 - 310*k - 2769. What is the ten thousands digit of p(-9)?
4
Let c(s) be the second derivative of s**4/12 - 7*s**3/6 - 4*s**2 - 6*s - 11. What is the tens digit of c(10)?
2
Let m(x) = 10*x - x + 290 - 310. Let f be (-1)/(4/(-44)*1). What is the tens digit of m(f)?
7
Let g be (6 - 2)/(5 - (-1782)/(-358)). Let c = 97 + 261. Let i = c - g. What is the units digit of i?
9
Let b be 7/(-98) - 328/112. What is the thousands digit of b - (2 - 4) - -1382?
1
Let a = 95 - 90. Suppose 5460 = 8*l + a*l. What is the hundreds digit of l?
4
Let o be -8 - (9 - 12)*(-1)/(-3). Let b be o + 3 + 4 + -2 + 0. What is the units digit of ((6 + -4)*-83)/b?
3
Let p = -3048 + 5931. What is the units digit of p?
3
Suppose 125*x = 128*x + 9, 0 = 5*j + 3*x - 24366. What is the units digit of j?
5
Suppose 10 = 4*o + 2. Suppose 4 = 4*s, 3*s = 2*q - 0*q - 7. Suppose j - q = 6*j - o*u, 2*j + 8 = 2*u. What is the units digit of j?
1
Let j be ((-192)/36)/(-2 + 242/120). Suppose 0 = -9*l - 89 - 421